d by 11.
9
What is the remainder when 340828383 is divided by 304?
303
Calculate the remainder when 122782 is divided by 114.
4
What is the remainder when 280911563 is divided by 1778?
9
What is the remainder when 7532017 is divided by 184?
161
Calculate the remainder when 10194117 is divided by 63.
24
Calculate the remainder when 73732853 is divided by 370.
363
Calculate the remainder when 365853402 is divided by 28.
26
Calculate the remainder when 34548 is divided by 3695.
1293
What is the remainder when 33585999 is divided by 1750?
1749
Calculate the remainder when 23997 is divided by 325.
272
Calculate the remainder when 83528321 is divided by 1898370.
41
Calculate the remainder when 172892083 is divided by 820.
3
What is the remainder when 2165680 is divided by 2846?
2720
What is the remainder when 114624980 is divided by 99?
8
What is the remainder when 1368692 is divided by 148?
136
What is the remainder when 9908651 is divided by 289?
286
Calculate the remainder when 18852995 is divided by 17.
12
What is the remainder when 415939 is divided by 46151?
580
What is the remainder when 69321 is divided by 250?
71
What is the remainder when 76111 is divided by 1345?
791
What is the remainder when 2365599 is divided by 137?
20
Calculate the remainder when 673282 is divided by 85.
82
Calculate the remainder when 2242842 is divided by 979.
932
What is the remainder when 2142534 is divided by 561?
75
Calculate the remainder when 10659 is divided by 10144.
515
Calculate the remainder when 944876 is divided by 362.
56
What is the remainder when 399193 is divided by 66493?
235
What is the remainder when 14123125 is divided by 71?
18
What is the remainder when 25507207 is divided by 494?
11
Calculate the remainder when 4180613 is divided by 58064.
5
Calculate the remainder when 933528 is divided by 556.
4
What is the remainder when 989975 is divided by 19?
18
Calculate the remainder when 2622942 is divided by 8.
6
What is the remainder when 6279364 is divided by 4385?
44
What is the remainder when 94804 is divided by 94803?
1
What is the remainder when 444384795 is divided by 222192390?
15
What is the remainder when 69298474 is divided by 277?
276
Calculate the remainder when 298885 is divided by 7452.
805
What is the remainder when 244282 is divided by 4362?
10
Calculate the remainder when 267868 is divided by 2293.
1880
Calculate the remainder when 44346 is divided by 14723.
177
What is the remainder when 379050 is divided by 75803?
35
What is the remainder when 58803016 is divided by 939?
19
Calculate the remainder when 33055493 is divided by 14.
9
Calculate the remainder when 31161 is divided by 641.
393
What is the remainder when 5203193 is divided by 1734323?
224
What is the remainder when 152774 is divided by 2829?
8
Calculate the remainder when 3473111 is divided by 2064.
1463
Calculate the remainder when 727409 is divided by 120.
89
Calculate the remainder when 133094813 is divided by 332.
329
What is the remainder when 518979 is divided by 48?
3
Calculate the remainder when 9001659 is divided by 236885.
29
Calculate the remainder when 3412352 is divided by 93.
89
What is the remainder when 1893338 is divided by 765?
728
What is the remainder when 6912274 is divided by 13936?
18
Calculate the remainder when 976137 is divided by 7675.
1412
What is the remainder when 11653918 is divided by 1144?
1134
Calculate the remainder when 158558 is divided by 78993.
572
What is the remainder when 47416 is divided by 441?
229
Calculate the remainder when 112990 is divided by 18830.
10
What is the remainder when 126790 is divided by 246?
100
Calculate the remainder when 127277 is divided by 115.
87
Calculate the remainder when 101663714 is divided by 17.
8
Calculate the remainder when 78299349 is divided by 1602.
1599
Calculate the remainder when 20958373 is divided by 10479168.
37
What is the remainder when 21048993 is divided by 1003?
35
Calculate the remainder when 216167 is divided by 1383.
419
Calculate the remainder when 9377920 is divided by 1423.
350
What is the remainder when 8292568 is divided by 414627?
28
What is the remainder when 1495710 is divided by 1915?
95
What is the remainder when 543784601 is divided by 36?
29
Calculate the remainder when 1282088 is divided by 7723.
70
What is the remainder when 233103 is divided by 5052?
711
What is the remainder when 167285 is divided by 410?
5
What is the remainder when 1348530 is divided by 337078?
218
What is the remainder when 1162232 is divided by 475?
382
Calculate the remainder when 294209 is divided by 186.
143
Calculate the remainder when 177349 is divided by 17734.
9
Calculate the remainder when 78626 is divided by 26188.
62
What is the remainder when 17203 is divided by 833?
543
Calculate the remainder when 344087 is divided by 128.
23
Calculate the remainder when 1393333 is divided by 346.
337
Calculate the remainder when 509953 is divided by 509919.
34
Calculate the remainder when 28384877 is divided by 16.
13
What is the remainder when 1528978695 is divided by 1341?
1338
Calculate the remainder when 151526769 is divided by 977592.
9
What is the remainder when 1537921 is divided by 889?
840
What is the remainder when 31517 is divided by 9964?
1625
What is the remainder when 7676216 is divided by 349?
310
What is the remainder when 657826 is divided by 153?
79
Calculate the remainder when 35950196 is divided by 419.
415
What is the remainder when 121268 is divided by 149?
131
What is the remainder when 26348 is divided by 8759?
71
What is the remainder when 5117184 is divided by 72073?
1
What is the remainder when 1659930 is divided by 331984?
10
Calculate the remainder when 8254403 is divided by 2063600.
3
Calculate the remainder when 9020 is divided by 542.
348
What is the remainder when 19951458 is divided by 525038?
14
What is the remainder when 198799 is divided by 4799?
2040
What is the remainder when 28900 is divided by 5701?
395
Calculate the remainder when 205725585 is divided by 101.
99
Calculate the remainder when 1107187 is divided by 23043.
1123
Calculate the remainder when 769183 is divided by 453.
442
Calculate the remainder when 30346533 is divided by 2196.
9
What is the remainder when 301440 is divided by 81?
39
What is the remainder when 3885996922 is divided by 36?
34
Calculate the remainder when 1052627 is divided by 262513.
2575
Calculate the remainder when 278285 is divided by 139007.
271
What is the remainder when 2556604 is divided by 542?
532
Calculate the remainder when 1868702 is divided by 622810.
272
Calculate the remainder when 1028965 is divided by 968.
949
Calculate the remainder when 296631 is divided by 59322.
21
What is the remainder when 1148134 is divided by 57404?
54
Calculate the remainder when 94895 is divided by 13473.
584
Calculate the remainder when 41065 is divided by 18714.
3637
What is the remainder when 1212072 is divided by 272?
40
What is the remainder when 3543062 is divided by 4418?
4244
Calculate the remainder when 417596324 is divided by 75.
74
Calculate the remainder when 68245 is divided by 680.
245
What is the remainder when 1753051 is divided by 1717?
1711
What is the remainder when 1879804 is divided by 135?
64
What is the remainder when 10039065 is divided by 29?
19
Calculate the remainder when 33583 is divided by 2765.
403
What is the remainder when 5763360 is divided by 5763359?
1
What is the remainder when 2752767 is divided by 2957?
2757
Calculate the remainder when 127991 is divided by 24405.
5966
Calculate the remainder when 198048 is divided by 238.
32
Calculate the remainder when 28974 is divided by 101.
88
What is the remainder when 14839439 is divided by 4015?
4014
What is the remainder when 24501252 is divided by 46?
42
What is the remainder when 1277996 is divided by 347?
342
Calculate the remainder when 41878797 is divided by 720.
717
What is the remainder when 667273 is divided by 222423?
4
Calculate the remainder when 7285800 is divided by 76.
60
What is the remainder when 25302889 is divided by 100?
89
Calculate the remainder when 1092657 is divided by 2969.
65
What is the remainder when 3006036 is divided by 203?
12
Calculate the remainder when 8158 is divided by 4283.
3875
What is the remainder when 902098